1231200021
In base 13, what is -2bb0471 + -2?
-2bb0473
In base 3, what is -2 - 11212010100012?
-11212010100021
In base 10, what is 1014746 + 2?
1014748
In base 16, what is -5328b - -10?
-5327b
In base 13, what is -3 + -15a144?
-15a147
In base 5, what is -1004410 + 1001?
-1003404
In base 11, what is 46987 - 108?
4687a
In base 7, what is 0 - 1263465332?
-1263465332
In base 11, what is -12585 - -161?
-12424
In base 7, what is 10144403415 - 3?
10144403412
In base 13, what is -c914 - ac?
-c9c3
In base 13, what is -29 - a8127?
-a8153
In base 9, what is 41863 + 538?
42512
In base 16, what is -1978 + 23a7?
a2f
In base 4, what is 10 + 11210302000?
11210302010
In base 4, what is -210122130 - 12323?
-210201113
In base 5, what is 312 + -23002333?
-23002021
In base 9, what is -7 - -13012333?
13012325
In base 12, what is -5 + 4081251?
4081248
In base 12, what is 213a + -523?
1817
In base 4, what is 13313211021132 + 3?
13313211021201
In base 8, what is -6374466 - 0?
-6374466
In base 15, what is -9e86a + b?
-9e85e
In base 13, what is -953c - 159bc?
-2222b
In base 5, what is 2132424302 + -421?
2132423331
In base 16, what is -d4f + -7a01f?
-7ad6e
In base 11, what is 9 - 1a2217?
-1a2209
In base 8, what is 1577 + 56007?
57606
In base 11, what is 1 - 4523770?
-452376a
In base 6, what is -5 - -400531435?
400531430
In base 6, what is 0 - -25320210?
25320210
In base 5, what is -3 - 332310221?
-332310224
In base 4, what is 10 - -11210222020202?
11210222020212
In base 13, what is 80 - 5b36?
-5a86
In base 9, what is -611 + 572700?
572078
In base 9, what is 8 - -6243450?
6243458
In base 9, what is 12476547 + -5?
12476542
In base 5, what is -421100004 - -13?
-421044441
In base 14, what is 33c7 + -234?
3193
In base 8, what is -164520 + 2431?
-162067
In base 13, what is 38b - -397c?
403a
In base 14, what is -15 - c3126?
-c313b
In base 15, what is -c4510b + 0?
-c4510b
In base 6, what is -4 - -120140235?
120140231
In base 10, what is 8160 + -56767?
-48607
In base 6, what is -121010540 + 1524?
-121005012
In base 5, what is 114304 - -11410?
131214
In base 2, what is 11000 + -11100100011000100010110?
-11100100011000011111110
In base 10, what is 1011905 - -49?
1011954
In base 6, what is 425105200 + -3?
425105153
In base 6, what is -5 - 13004453143?
-13004453152
In base 10, what is 28 - -450722?
450750
In base 7, what is 40 - -201640?
202010
In base 14, what is -75 + 105b?
dc6
In base 3, what is 10 - -12111211000011?
12111211000021
In base 8, what is 5073 - -7321?
14414
In base 6, what is 142243 - 22320?
115523
In base 3, what is -11 + 102121202102122102?
102121202102122021
In base 4, what is -10001010303 + 23?
-10001010220
In base 4, what is 1203133320212 + -1?
1203133320211
In base 6, what is 3032102 - 2?
3032100
In base 7, what is 2402236 + 1104?
2403343
In base 7, what is 3 + 26650235?
26650241
In base 8, what is -3 + 1434261726?
1434261723
In base 6, what is 0 - -1523443250?
1523443250
In base 10, what is 1 - -4832779?
4832780
In base 7, what is -363221033 + 2?
-363221031
In base 15, what is -29 + 10805d?
108034
In base 2, what is -1 - -100110000000010001011010110?
100110000000010001011010101
In base 5, what is 31 - -2020404401?
2020404432
In base 5, what is -3221220 + 430?
-3220240
In base 4, what is -2 + -10010203310112?
-10010203310120
In base 13, what is -15912 - -a2?
-15840
In base 14, what is 1c64197 - 2?
1c64195
In base 6, what is 15344453 + 3?
15344500
In base 15, what is 2b5aa + 24e?
2b809
In base 8, what is 172176704 + 5?
172176711
In base 7, what is -26 + -44523526?
-44523555
In base 13, what is -518 - -1847?
132c
In base 9, what is -18 + 704421?
704402
In base 9, what is -22022817 - -2?
-22022815
In base 15, what is 4634d - -1d?
4636b
In base 10, what is 70 - -206869?
206939
In base 3, what is 21 + -11112000210111?
-11112000210020
In base 13, what is 196 - -6019?
61b2
In base 5, what is 214 + -11203342?
-11203123
In base 5, what is 13 - 1143144100?
-1143144032
In base 14, what is 102 - -18b02?
18c04
In base 6, what is 2 + 21112205104?
21112205110
In base 16, what is -b106 - -549?
-abbd
In base 13, what is 1acb4a11 - -5?
1acb4a16
In base 10, what is -131053 - -52?
-131001
In base 6, what is 1504 - -101025204?
101031112
In base 6, what is -22 + 1344535?
1344513
In base 4, what is 11302 - -13021011?
13032313
In base 12, what is 2 - 2a22b45?
-2a22b43
In base 7, what is 5003363 + -654?
5002406
In base 2, what is 111110110000111111110001100 - 101?
111110110000111111110000111
In base 10, what is -5472503 - 3?
-5472506
In base 8, what is 4154 - 2523?
1431
In base 10, what is -24990 + -12417?
-37407
In base 13, what is -38 + -ac62?
-ac9a
In base 2, what is 110111 - 111011100011100101100?
-111011100011011110101
In base 12, what is 476bb + 117?
47816
In base 8, what is 1121064 + -214?
1120650
In base 3, what is 11111 - 201121?
-120010
In base 15, what is -44ae - 213?
-46c2
In base 15, what is dd - 9a18?
-992a
In base 9, what is -10274805 + 10?
-10274785
In base 11, what is -3 - -4a2357a2?
4a23579a
In base 4, what is -111013201103 - -1?
-111013201102
In base 10, what is -100029 - -17?
-100012
In base 12, what is -5 + 599763?
59975a
In base 3, what is 100222211020 - -121012?
101000102102
In base 15, what is -e4669 + 29?
-e4640
In base 10, what is 72465 + 322?
72787
In base 7, what is 251066 + 22043?
303142
In base 7, what is -131 + -402362?
-402523
In base 16, what is -366d753 + -5?
-366d758
In base 14, what is 4 + 1b30d246?
1b30d24a
In base 9, what is -1865 - 616?
-2582
In base 16, what is 1da - 1944?
-176a
In base 3, what is -201101210 + 211?
-201100222
In base 2, what is -10010000 + 100010010110101110001?
100010010110011100001
In base 2, what is 10001 - 1001101011011011000100?
-1001101011011010110011
In base 11, what is 8a182 - 96?
8a097
In base 15, what is -d2968 - 11e?
-d2a87
In base 3, what is -1021122112221121 + 220?
-1021122112220201
In base 9, what is -1233533646 - 1?
-1233533647
In base 3, what is 10121 - -1120002?
1200200
In base 10, what is 190556 - -642?
191198
In base 2, what is 111000010010 + -101000011010?
1111111000
In base 10, what is 5 + 194899714?
194899719
In base 9, what is -272476823 - 0?
-272476823
In base 13, what is 920a2c - -7?
920a36
In base 14, what is -8d - -b46dd9?
b46d4a
In base 4, what is -202322311 - -112303?
-202210002
In base 11, what is 1 - 1766153?
-1766152
In base 9, what is 1 + -2410033?
-2410032
In base 14, what is -a08c04 - 3?
-a08c07
In base 11, what is 4 - 1100558?
-1100554
In base 8, what is -7437113 - 26?
-7437141
In base 7, what is 5116 + 612121?
620240
In base 13, what is -3 - 1c6c2695?
-1c6c2698
In base 16, what is -68281 + 69?
-68218
In base 6, what is 5 + 4251143430?
4251143435
In base 7, what is 5 - 213012135?
-213012130
In base 14, what is 1d3aabb - 1?
1d3aaba
In base 16, what is 121 - -a49?
b6a
In base 5, what is 4 + -2021212104?
-2021212100
In base 15, what is -6 + -a6382?
-a6388
In base 10, what is -2 - -7723937?
7723935
In base 16, what is 1ea0 - 17a0?
700
In base 4, what is 11 + 33212022011?
33212022022
In base 11, what is -723a - 404?
-7643
In base 15, what is -650 + -1bc?
-81c
In base 8, what is -1504121 - 3?
-1504124
In base 15, what is 3641 - 577?
30b9
In base 11, what is 0 - -1581866?
1581866
In base 8, what is -67630074 - -2?
-67630072
In base 6, what is 30535005022 - 3?
30535005015
In base 8, what is 2347 + 15547?
20116
In base 11, what is -27622487 - 2?
-27622489
In base 8, what is 162 - -370402?
370564
In base 7, what is 2601354 + -4203?
2564151
In base 6, what is 5025234332 - 2?
5025234330
In base 4, what is -1011121 + 2323123?
1312002
In base 14, what is 691093 - 26?
69106b
In base 5, what is -421023130010 + -4?
-421023130014
In base 2, what is 11010011000000010 + -100100011?
11010010011011111
In base 11, what is -3 + 90867aa0?
90867a98
In base 8, what is 52346 - 555?
51571
In base 10, what is -54159607 + 1?
-54159606
In base 11, what is 15 - 4420401a?
-44204005
In base 6, what is 5 - 100430200?
-100430151
In base 5, what is -221133 + 4234?
-211344
In base 5, what is 21240013132 - -4?
21240013141
In base 13, what is -8 + -415341?
-415349
In base 10, what is 646770628 + 5?
646770633
In base 15, what is -1e74 + c4ae?
a53a
In base 9, what is 68545 + 27?
68573
In base 2, what is 100101001101100000100010 + -1